{"id":73,"date":"2019-10-24T14:34:24","date_gmt":"2019-10-24T11:34:24","guid":{"rendered":"http:\/\/demo.safirtema.com\/delta\/?page_id=73"},"modified":"2025-04-03T10:34:28","modified_gmt":"2025-04-03T07:34:28","slug":"ekibimiz","status":"publish","type":"page","link":"https:\/\/www.ceylan-makina.com\/?page_id=73","title":{"rendered":"Ekibimiz"},"content":{"rendered":"\n<p>\u2022Bizimle birlikte \u00e7al\u0131\u015fmaktan mutlu 10 ki\u015filik kadromuzla \u00d6nce \u0130\u015f G\u00fcvenli\u011fi ve Kalite anlay\u0131\u015f\u0131yla gece g\u00fcnd\u00fcz \u00fcretmeye devam ediyoruz. \u00dcretim alan\u0131m\u0131z kapal\u0131 600 m2 ve a\u00e7\u0131k 600 m2 alan olmak \u00fczere toplam 1200 m2\u2019lik bir alanda s\u00fcrd\u00fcr\u00fcyoruz.<\/p>\n\n\n\n<figure class=\"wp-block-image size-large\"><img loading=\"lazy\" width=\"1024\" height=\"650\" src=\"http:\/\/www.ceylan-makina.com\/wp-content\/uploads\/2025\/04\/Ekip-1-1024x650.jpg\" alt=\"\" class=\"wp-image-584\" srcset=\"https:\/\/www.ceylan-makina.com\/wp-content\/uploads\/2025\/04\/Ekip-1-1024x650.jpg 1024w, https:\/\/www.ceylan-makina.com\/wp-content\/uploads\/2025\/04\/Ekip-1-300x190.jpg 300w, https:\/\/www.ceylan-makina.com\/wp-content\/uploads\/2025\/04\/Ekip-1-768x487.jpg 768w, https:\/\/www.ceylan-makina.com\/wp-content\/uploads\/2025\/04\/Ekip-1-1536x975.jpg 1536w, https:\/\/www.ceylan-makina.com\/wp-content\/uploads\/2025\/04\/Ekip-1.jpg 1587w\" sizes=\"auto, (max-width: 1024px) 100vw, 1024px\" \/><\/figure>\n","protected":false},"excerpt":{"rendered":"<p>\u2022Bizimle birlikte \u00e7al\u0131\u015fmaktan mutlu 10 ki\u015filik kadromuzla \u00d6nce \u0130\u015f G\u00fcvenli\u011fi ve Kalite anlay\u0131\u015f\u0131yla gece g\u00fcnd\u00fcz \u00fcretmeye devam ediyoruz. \u00dcretim alan\u0131m\u0131z kapal\u0131 600 m2 ve a\u00e7\u0131k 600 m2 alan olmak \u00fczere toplam 1200 m2\u2019lik bir alanda s\u00fcrd\u00fcr\u00fcyoruz.<\/p>\n","protected":false},"author":1,"featured_media":0,"parent":0,"menu_order":0,"comment_status":"closed","ping_status":"closed","template":"pages\/page-crew.php","meta":{"footnotes":""},"class_list":["post-73","page","type-page","status-publish","hentry"],"_links":{"self":[{"href":"https:\/\/www.ceylan-makina.com\/index.php?rest_route=\/wp\/v2\/pages\/73","targetHints":{"allow":["GET"]}}],"collection":[{"href":"https:\/\/www.ceylan-makina.com\/index.php?rest_route=\/wp\/v2\/pages"}],"about":[{"href":"https:\/\/www.ceylan-makina.com\/index.php?rest_route=\/wp\/v2\/types\/page"}],"author":[{"embeddable":true,"href":"https:\/\/www.ceylan-makina.com\/index.php?rest_route=\/wp\/v2\/users\/1"}],"replies":[{"embeddable":true,"href":"https:\/\/www.ceylan-makina.com\/index.php?rest_route=%2Fwp%2Fv2%2Fcomments&post=73"}],"version-history":[{"count":4,"href":"https:\/\/www.ceylan-makina.com\/index.php?rest_route=\/wp\/v2\/pages\/73\/revisions"}],"predecessor-version":[{"id":585,"href":"https:\/\/www.ceylan-makina.com\/index.php?rest_route=\/wp\/v2\/pages\/73\/revisions\/585"}],"wp:attachment":[{"href":"https:\/\/www.ceylan-makina.com\/index.php?rest_route=%2Fwp%2Fv2%2Fmedia&parent=73"}],"curies":[{"name":"wp","href":"https:\/\/api.w.org\/{rel}","templated":true}]}}